What is c(-1)?
-6
Let j(u) = 31*u. Give j(1).
31
Let t(z) = -7*z**3 + z**2 - 3*z + 2. What is t(1)?
-7
Let m(y) = 9*y - 32. What is m(4)?
4
Let f(b) = -28*b + 46. Give f(2).
-10
Let j(u) = -43*u**3 - u. Determine j(1).
-44
Let a(g) = g**3 - 4*g**2 + 2*g + 1. Give a(2).
-3
Let v(w) = w**3 - 7*w**2 - w. Calculate v(7).
-7
Let u(g) = -3*g**3 - 11*g**2 - 5*g + 2. Give u(-3).
-1
Let s(h) = -h**3 + 9*h**2 - 12*h - 7. Determine s(6).
29
Let p(l) = 16*l + 7. Determine p(-4).
-57
Let l(n) = 15*n + 10. Calculate l(9).
145
Let t(p) = 15*p - 1. Give t(1).
14
Let l(g) = 12*g**2 + 1. Calculate l(-1).
13
Let m(f) = f - 146. What is m(0)?
-146
Let c(z) = -z**2 + 7*z + 10. What is c(8)?
2
Let v(b) = 17*b - 801. What is v(47)?
-2
Let a(s) = -s + 13. Determine a(8).
5
Let v(z) = 2*z**3 - 2*z**2 - 10*z - 4. Calculate v(0).
-4
Let g(s) = s**3 - 9*s**2 + 3. Give g(9).
3
Let g(o) = 10*o**2 + 2*o. What is g(-2)?
36
Let z(s) = 2*s**3 - 22*s**2 + 3*s - 24. What is z(11)?
9
Let f(t) = -15*t**2 + 3*t - 2. Determine f(1).
-14
Let q(t) = t**3 + t**2 + 2*t + 2. Determine q(-3).
-22
Let r(w) = -w**2 - 12*w + 6. Give r(-11).
17
Let b(h) = -h - 8. What is b(-8)?
0
Let h(i) = i**2 - 16*i - 107. Calculate h(-5).
-2
Let r(w) = -2*w**2 + 2*w + 2. Determine r(0).
2
Let o(b) = -43*b - 3. Calculate o(2).
-89
Let r(s) = -s**3 + 23*s**2 - s + 17. Give r(23).
-6
Let i(b) = 12*b - 12. Give i(7).
72
Let s(p) = p**3 - 12*p**2 - 4*p + 31. What is s(11)?
-134
Let l(m) = -m**3 + 8*m**2 - 8*m + 8. Determine l(7).
1
Let z(i) = -47*i - 7. What is z(0)?
-7
Let s(z) = -20*z + 75. Give s(3).
15
Let i(m) = -29*m + 89. Determine i(3).
2
Let f(n) = -3*n + 59. Calculate f(19).
2
Let h(g) = -g. Determine h(-7).
7
Let h(v) = -21*v**2 - v - 2. Calculate h(-1).
-22
Let n(m) = m**3 - 4*m - 15. Calculate n(0).
-15
Let p(s) = s**3 + 22*s**2 - 48*s - 25. Give p(-24).
-25
Let r(p) = 21*p + 11. Give r(-4).
-73
Let m(v) = 14*v**2 + 4*v - 9. Calculate m(2).
55
Let x(t) = t**2 + 11*t - 35. What is x(3)?
7
Let a(y) = -9*y - 6. Determine a(14).
-132
Let y(c) = -c**3 - 4*c**2 + 4*c - 5. Give y(-5).
0
Let n(o) = -o**3 + 29*o**2 + 15. Calculate n(29).
15
Let q(i) = i**3 - 9*i**2 + 2*i - 1. What is q(9)?
17
Let i(m) = m**3 + 6*m**2 - 3*m + 8. Give i(-7).
-20
Let h(n) = -3*n**2 - 7*n. Calculate h(-3).
-6
Let c(r) = -r**2 + 8*r + 20. Give c(10).
0
Let a(z) = z**3 - 11*z**2 + 26*z - 10. Give a(8).
6
Let t(d) = -d**3 - 8*d**2 - 6*d + 9. Determine t(-7).
2
Let z(c) = -c**2 - 4*c - 6. Determine z(-6).
-18
Let x(z) = z**3 - 5*z**2 - 11*z + 11. Determine x(7).
32
Let p(x) = 6*x + 6. Determine p(8).
54
Let k(n) = -n**3 + 6*n**2 - 2*n - 9. Calculate k(5).
6
Let d(a) = a**2 + 19*a + 46. Calculate d(-16).
-2
Let b(o) = 21*o - 1. Give b(-1).
-22
Let n(y) = -3*y + 7. Determine n(11).
-26
Let r(d) = -18*d - 15. Calculate r(-6).
93
Let h(r) = r**3 + 8*r**2 - 2*r - 9. What is h(-8)?
7
Let h(g) = -5*g - 29. Calculate h(-11).
26
Let k(q) = -q**2 - 9*q. Determine k(-9).
0
Let v(l) = -4*l + 1. What is v(7)?
-27
Let l(f) = 7*f - 30. What is l(5)?
5
Let g(n) = n - 31. Calculate g(0).
-31
Let o(v) = 2*v**3 - 29*v**2 + 25*v - 152. What is o(14)?
2
Let n(m) = -m**3 + 15*m**2 - 13*m - 15. Give n(14).
-1
Let a(i) = -i**3 - 6*i**2 + 7*i + 6. What is a(-7)?
6
Let w(d) = 19*d**3 + d**2 - 1. Give w(-1).
-19
Let u(f) = -f**3 + f**2 + 3*f - 2. Give u(2).
0
Let w(v) = 11*v**3 + 35*v**2 + 6*v + 3. Give w(-3).
3
Let v(g) = -3*g - 10. What is v(0)?
-10
Let v(i) = 88*i**2 + 3*i. Calculate v(-1).
85
Let a(q) = -q**2 + 6*q + 12. Give a(-5).
-43
Let l(j) = -j**3 - 9*j**2 - 8*j + 5. Calculate l(-8).
5
Let j(u) = -u**2 + 15*u - 10. Give j(14).
4
Let g(w) = -4*w + 10. Determine g(7).
-18
Let i(n) = n**3 + 18*n**2 + 34*n + 23. What is i(-16)?
-9
Let j(n) = n + 11. What is j(-11)?
0
Let s(n) = -7*n**2 - 90*n + 18. Calculate s(-13).
5
Let d(q) = 2*q**3 - 2*q**2 + 3*q. Calculate d(4).
108
Let b(v) = -v**3 + 4*v**2 + 6*v - 9. Give b(5).
-4
Let p(r) = r**2 + 12*r - 10. Calculate p(-14).
18
Let u(z) = -z**2 + 9*z - 6. Give u(8).
2
Let w(y) = 21*y + 203. Determine w(-10).
-7
Let k(q) = -9*q**2 - q - 2. Give k(2).
-40
Let l(b) = 17*b - 2. Calculate l(-2).
-36
Let y(a) = -4*a + 36. Determine y(21).
-48
Let c(w) = w**2 - 14*w - 16. Give c(15).
-1
Let l(y) = y**3 - 4*y**2 - 6*y + 14. Determine l(5).
9
Let q(a) = a**2 + 8*a - 3. What is q(-6)?
-15
Let r(g) = 8*g + 12. Calculate r(3).
36
Let r(s) = -s**3 - 26*s**2 - 26*s + 18. Give r(-25).
43
Let x(m) = -5*m - 26. Determine x(-4).
-6
Let j(g) = -2*g**2 + 121*g + 189. Determine j(62).
3
Let z(m) = -m**2 + 39*m - 34. Calculate z(38).
4
Let w(i) = i**2 - 7*i + 3. Give w(5).
-7
Let h(l) = 6*l + 14. Calculate h(-3).
-4
Let a(u) = 23*u + 121. Calculate a(-5).
6
Let x(q) = q**2 + q - 52. Determine x(-8).
4
Let j(g) = 2*g**3 - 7*g**2 + 2*g + 11. Determine j(0).
11
Let m(x) = x - 24. Determine m(14).
-10
Let u(l) = l**3 - 11*l**2 - 6. What is u(11)?
-6
Let p(i) = -i**2 - 2*i - 5. Give p(-2).
-5
Let c(y) = 360*y + 4. What is c(0)?
4
Let k(h) = -h**2 + 5*h + 9. Determine k(6).
3
Let o(s) = s**3 - 9*s**2 - 5*s - 10. Calculate o(10).
40
Let x(p) = p**3 - 27*p**2 - 2*p + 23. What is x(27)?
-31
Let l(x) = 12*x - 51. What is l(4)?
-3
Let t(i) = -37*i - 4. Give t(1).
-41
Let i(l) = 5*l + 51. Calculate i(-10).
1
Let x(t) = -2*t**3 - 4*t**2 - 3*t - 5. What is x(-3)?
22
Let w(o) = -o**2 + 12*o - 9. Calculate w(10).
11
Let r(d) = -20*d - 85. Give r(-5).
15
Let o(l) = -l + 20. What is o(17)?
3
Let m(f) = -f**2 - 6*f + 5. Determine m(-7).
-2
Let x(j) = -2*j**2 + 16*j + 36. Determine x(-2).
-4
Let f(i) = i**2 - 6*i + 15. Give f(4).
7
Let j(s) = 7*s**2 - 70*s + 4. Determine j(10).
4
Let y(i) = -i**2 - 9*i + 10. Calculate y(-9).
10
Let r(m) = -m**3 - 12*m**2 - 10*m + 1. Give r(-11).
-10
Let d(z) = -8*z + 235. Give d(27).
19
Let i(v) = -v**3 - 4*v**2 + v - 5. Calculate i(-5).
15
Let p(d) = -d**2 - 25*d + 50. Give p(-27).
-4
Let f(h) = -4*h**2 - 3*h - 1. Determine f(-2).
-11
Let r(u) = u**2 - 5*u - 2. Calculate r(-3).
22
Let g(c) = -c**3 - 4*c**2 - c + 2. Determine g(-4).
6
Let u(p) = -17*p + 16. What is u(5)?
-69
Let x(z) = -88*z - 964. Give x(-11).
4
Let j(o) = -o**2 - 5*o + 15. Calculate j(3).
-9
Let m(f) = -f + 12. Calculate m(6).
6
Let o(j) = -12*j**2 + 15*j - 28. Calculate o(2).
-46
Let u(h) = h**2 + 4*h + 1. What is u(0)?
1
Let k(m) = -m**3 - 3*m**2 - 60. Determine k(0).
-60
Let t(z) = 2*z**2 - 23*z - 52. Determine t(-2).
2
Let s(k) = -102*k + 7. Give s(1).
-95
Let j(n) = -n**2 + 19*n - 52. Give j(11).
36
Let x(u) = -u**2 - 11*u - 22. Determine x(-8).
2
Let k(y) = 3*y - 104. Determine k(37).
7
Let n(f) = 4*f**3 - 6*f**2 - 3*f - 1. What is n(-2)?
-51
Let a(h) = -4*h + 1. Determine a(4).
-15
Let i(b) = -18*b - 188. Calculate i(-10).
-8
Let g(m) = -69*m - 957. Determine g(-14).
9
Let c(o) = -7*o - 22. Give c(-10).
48
Let j(s) = -25*s + 275. Calculate j(11).
0
Let w(q) = 3*q**2 - 18*q + 13. Calculate w(5).
-2
Let l(b) = 65*b - 128. What is l(3)?
67
Let c(v) = -2*v - 22. Determine c(-13).
4
Let b(n) = 60*n + 8. What is b(1)?
68
Let w(j) = 3*j + 144. Determine w(-42).
18
Let s(t) = -t + 3. Give s(7).
-4
Let b(r) = -3*r**2 - 40*r - 17. What is b(-13)?
-4
Let j(i) = 28*i - 98. Determine j(4).
14
Let s(c) = 7*c + 4. Give s(-3).
-17
Let k(d) = -7*d + 2. Calculate k(2).
-12
Let v(n) = 9*n + 5. What is v(6)?
59
Let f(m) = 154*m + 311. Determine f(-2).
3
Let s(j) = j - 6. Calculate s(11).
5
Let t(y) = -y**3 - 13*y**2 - 15*y - 15. Determine t(-11).
-92
Let x(h) = -h**3 + 10*h**2 + 28*h - 11. Calculate x(12).
37
Let u(b) = -4*b - 24. Determine u(-7).
4
Let x(t) = -45*t**3 + 2*t**2 - t. Calculate x(1).
-44
Let c(u) = u**3 - u**2 - 44*u - 2. Calculate c(7).
-16
Let o(n) = -2*n**2 + 4*n + 65. Give o(7).
-5
Let c(a) = a**3 - a**2 - 3*a + 5. What is c(2)?
3
Let r(z) = -6*z**2 - 4*z - 10. Give r(-4).
-90
Let p(m) = 14*m + 25. Determine p(5).
95
Let m(z) = z**3 + 7*z**2 + 6*z - 18. Determine m(-5).
2
Let t(f) = 13*f - 13. What is t(-2)?
-39
Let w(m) = 19*m**3 - 9*m**2 - 7*m - 1. Determine w(-1).
-22
Let f(p) = -32*p. Calculate f(1).
-32
Let j(f) = -5*f + 8. What is j(7)?
-27
Let p(x) = 6*x - 55. What is p(9)?
-1
Let o(i) = -i**3 - 3*i - 4. Calculate o(3).
-40
Let y(r) = 9*r + 75. Determine y(-8).
3
Let t(y) = 5*y**2 - 2*y - 1. What is t(3)?
38
Let z(f) = -f**3 - 34*